
Let v = 731 + -331. Calculate the greatest common factor of v and 50.
50
Suppose -266 = -4*l - 5*f, 5*l + 3*f - 2*f = 322. Calculate the highest common factor of 80 and l.
16
Let c(s) = -4*s + 120. Let j be c(27). What is the greatest common divisor of 12 and j?
12
Let x(p) = p**3 + 6*p**2 + 2*p - 8. Let l be x(-4). Calculate the greatest common factor of l and 56.
8
Suppose l - 2*j = -7*j + 65, 3*l - 4*j = 195. Let v be 1/(-1 - (-26)/27). Let s = -1 - v. Calculate the greatest common factor of l and s.
13
Suppose -2*g = 4*f - 288, 3*f - 209 = 2*g - 0*g. Suppose -3*v - 3*t = -42, -t - 38 = -3*v - 6*t. Let b = f - v. What is the highest common factor of b and 5?
5
Suppose -22 = -4*c - 2*h, 2*c = 2*h - 11 + 31. Let a be ((-288)/(-15))/(6/40). Suppose a - 1 = 2*m - t, -2*t = 2. What is the highest common factor of c and m?
7
Let d = -26 + 68. Let w = -24 + d. Let f be (-1)/(1/(9*-5)). Calculate the greatest common factor of f and w.
9
Suppose 0 = 7*t - 108 - 88. Calculate the greatest common divisor of 140 and t.
28
Let p = 229 + -189. What is the highest common divisor of 120 and p?
40
Let m(c) = -176*c**2 + 1. Let u be m(1). Let t = -119 - u. What is the highest common factor of 14 and t?
14
Let i(p) = 8*p**2 + 2*p. Let n be i(-1). Let k be -4*(-3)/n + 38. Let l be (-2)/(-3)*120/4. Calculate the highest common factor of k and l.
20
Suppose 3*v - y = v - 5, -v - 20 = -4*y. Let g(b) = -b**2 + 2*b + 63. Let p be g(v). What is the greatest common divisor of p and 9?
9
Let u = -219 + 232. What is the highest common divisor of u and 26?
13
Let m be (20/(-3))/(26/195). Let h be 184/10 - (-20)/m. Let q be h/(-45)*-1*220. Calculate the greatest common factor of q and 8.
8
Let r = 449 + -424. What is the greatest common factor of 25 and r?
25
Let p(b) = 14*b**3 - 7*b**2 + 11*b + 4. Let f be p(3). What is the highest common factor of f and 96?
32
Let d be (-12)/6 + 6 - -157. Calculate the greatest common factor of d and 7.
7
Suppose 154*k + 2311 - 10571 = 36*k. Let h(z) = z**2 - z + 10. Let d = -2 + 2. Let r be h(d). Calculate the highest common divisor of r and k.
10
Let d be -1*(3/1 + -1). Let q be (-3 - d) + 0 + 709. Let o be q/16 + (-2)/8. Calculate the highest common factor of 22 and o.
22
Let t = -395 + 440. What is the greatest common factor of 15 and t?
15
Let q = -398 + 806. What is the greatest common divisor of q and 51?
51
Suppose 0 = 7*t - 233 + 72. Suppose -3*k + 7 = -t. What is the greatest common divisor of k and 2?
2
Suppose -4*i + 12 = -3*m + 4*m, 0 = 5*i + 2*m - 15. Suppose -48 = i*u - 5*u. Let v be u/(0 + 2 + -1). What is the highest common divisor of v and 6?
6
Let u(x) = -2*x + 26. Let f be u(10). Let h(p) = p**3 + p**2 - p + 6. Let n be h(0). What is the highest common factor of n and f?
6
Suppose -19*s + 44 + 32 = 0. Calculate the greatest common divisor of s and 13.
1
Suppose 5*w - 2*v = 2*v + 659, 2*w + v - 261 = 0. Let b = 159 - w. Calculate the highest common divisor of 49 and b.
7
Suppose 0*v - 339 = -3*v. Let o = 145 - v. Calculate the highest common factor of 80 and o.
16
Suppose -101 = -8*y + 27. What is the highest common factor of 304 and y?
16
Let n(b) = -b + 9. Let c be n(7). Let r(y) = -22 + 6*y - c*y + 5. Let a be r(8). What is the greatest common factor of 60 and a?
15
Let i be 1*(-324)/(-15) - (-3)/(-5). Let v = 23 + -95. Let y be (1/3)/((-8)/v). Calculate the greatest common divisor of i and y.
3
Let p(a) = -19*a**2 + 3*a + 4. Let m be p(-4). Let k be 2/10 - m/15. Let b be (6 + -3)*k/1. What is the highest common factor of 9 and b?
9
Let h = -432 + 711. Suppose -11*n + 186 = -5*n. Calculate the greatest common divisor of h and n.
31
Suppose -2 = -4*g + 278. What is the greatest common divisor of g and 40?
10
Suppose 0 = 8*v - 673 + 257. Calculate the highest common factor of v and 52.
52
Let m = 18 - 10. Suppose 0 = -2*y + 5*y. Suppose u = 3*i + i - 3, y = 3*i - 5*u + 19. What is the highest common factor of m and i?
2
Suppose 181 = 4*s - 79. Suppose -s = -4*o + 3*o. Calculate the greatest common divisor of 13 and o.
13
Suppose 0 = k - 3*k - 5*t + 1145, t = -2*k + 1149. Suppose 11*d = -25 + k. What is the highest common divisor of d and 125?
25
Let t be (-552)/(-4) + -6 + 3. What is the greatest common factor of t and 54?
27
Suppose 7*b = 17*b - 820. Suppose -5*g + b = -g - 2*h, 3*h - 67 = -4*g. Calculate the highest common factor of g and 152.
19
Let s = 156 - 77. Suppose -84*k + 190 = -s*k. What is the greatest common factor of k and 57?
19
Suppose d + 0*d = -3*c + 722, 0 = -4*c + 5*d + 988. Let v(o) = -2*o**3 - 4*o**2 + 4. Let m be v(-3). Calculate the highest common factor of c and m.
22
Let v = -34 - -19. Let s = 54 + v. What is the highest common factor of s and 13?
13
Let t(s) = 1 - 6 - 2*s - 4. Let x be t(-7). Suppose x*p = 6 - 1. Calculate the highest common divisor of p and 9.
1
Let w = -7 - -7. Suppose -3*n - 12 = w, b - 8 = -3*n - 0. What is the highest common factor of b and 100?
20
Let o be (1 + -4 - 3) + 0 + 3. Let d(g) = -13*g + 3. Let z be d(o). Let a = 83 + -55. What is the highest common factor of a and z?
14
Let r = 959 + -860. Let y(q) = q**2 + 6*q + 4. Let k be y(-7). Calculate the greatest common factor of r and k.
11
Suppose 3228 - 1122 = 3*z. Calculate the highest common divisor of 78 and z.
78
Suppose 0 = -0*m + 2*m - 84. Suppose 0 = -k - 38 + m. Calculate the highest common factor of 32 and k.
4
Let f be 466/14 + 2/(-7). Let v = -11 - -14. Suppose -5*l - 53 = -v*m, 3*l + 12 = -0*l. Calculate the greatest common factor of m and f.
11
Let n be (54/8)/((-47)/(-188)). Calculate the highest common divisor of n and 57.
3
Suppose i - 170 = -4*c + 3*i, 2*c = -5*i + 55. What is the highest common factor of c and 80?
40
Let h(m) = -5*m - 4. Suppose -4*o + 28 = -5*f + 8, 0 = -5*f. Let l = o - 13. Let r be h(l). Calculate the highest common factor of r and 24.
12
Suppose -78 = -3*v + 2*s, -96 + 30 = -3*v - 2*s. Suppose 5 = n, 2*j - 4*j = -3*n + 5. Suppose -j*c - 29 = -149. Calculate the greatest common factor of c and v.
24
Let p = 108 + -83. Suppose 3*l - 3*z - 75 = 0, 2*z = -3*z - p. What is the greatest common factor of l and 140?
20
Suppose 2*k - 2 - 2 = 3*p, 4*k - 5*p = 8. Let h(v) = -v**2 - 8*v - 13. Let z be h(-4). Let n be 4/(-12) + 67/z. Calculate the greatest common factor of n and k.
2
Let z(o) = 9*o**2 + 4*o. Let d be z(4). Suppose 4*s - 500 = -d. Suppose 3*i = 12, -i = m + 2*i - 29. Calculate the highest common divisor of s and m.
17
Suppose -2*q + 3675 = 3*q. Suppose -4*y = y - q. Suppose -3*x + y = -42. Calculate the highest common factor of x and 9.
9
Let y = 248 + -149. Suppose 0 = 2*v - 8 - 14. What is the greatest common factor of v and y?
11
Suppose 198*l = 199*l - 24. Calculate the highest common divisor of 84 and l.
12
Suppose l - 2*c + 25 = 6*l, -c = -3*l + 15. Suppose -l*v + 7 + 28 = 0. What is the greatest common divisor of v and 14?
7
Let i be 5/2*368/230. Calculate the highest common divisor of i and 116.
4
Let f(q) = -8*q - 64. Let m be f(-19). What is the highest common divisor of 16 and m?
8
Let s = 89 + -51. Calculate the highest common factor of s and 38.
38
Suppose 3*b - 8*b = 4*u - 228, -176 = -3*u - 5*b. Let o = u - -7. Let n = 91 - o. Calculate the greatest common factor of n and 16.
16
Let m(d) = -d**3 - 4*d**2 + 2*d + 4. Let a be m(-2). Let s be a/(-12)*(0 - -117). Suppose 4*n - 104 = -0*n. Calculate the greatest common factor of s and n.
26
Suppose -3*u + u - 338 = 3*n, 0 = 5*u - 10. Let k = -37 - n. Calculate the highest common divisor of 33 and k.
11
Let y = -12 - -30. Suppose 3*x - 2*v = 6, 2*x - 1 = 5*v - 8. Suppose -3*k - 3 = 0, 0 = a + x*k - 2*k - 25. Calculate the greatest common factor of a and y.
9
Let z(a) = -22*a + 9. Let v be z(-5). Suppose 4*b - v = 17. Let f be (13*-1)/((-17)/b). What is the highest common factor of f and 13?
13
Let k(j) = -27*j + 75*j - 41*j - 102. Let g be k(30). Suppose f - 3 = 9. What is the greatest common factor of g and f?
12
Let q(c) = c + 6. Let a be q(-5). Suppose -5*x = -0*s - 5*s - 15, -5*s = -2*x. Calculate the highest common factor of s and a.
1
Let b(d) = 6*d**3 - 7*d**2 + 18*d. Let a be b(2). What is the greatest common divisor of a and 77?
7
Let q = -67 - -148. What is the highest common divisor of 54 and q?
